e greatest common factor of 12 and 81?
3
Calculate the highest common factor of 86 and 430.
86
What is the highest common factor of 14798 and 14?
14
What is the greatest common divisor of 175 and 50?
25
Calculate the highest common divisor of 6 and 192.
6
Calculate the greatest common factor of 2475 and 90.
45
What is the highest common divisor of 195 and 3055?
65
Calculate the highest common divisor of 1542 and 6.
6
What is the highest common factor of 564 and 48?
12
What is the highest common factor of 76 and 1216?
76
Calculate the highest common divisor of 153 and 2703.
51
What is the greatest common factor of 300 and 11580?
60
Calculate the greatest common factor of 13086 and 45.
9
Calculate the greatest common divisor of 10950 and 150.
150
Calculate the highest common factor of 534 and 6.
6
Calculate the highest common factor of 54 and 1593.
27
What is the greatest common factor of 65 and 143?
13
What is the greatest common factor of 28 and 224?
28
Calculate the greatest common factor of 3110 and 20.
10
Calculate the highest common factor of 140 and 189.
7
What is the greatest common factor of 1020 and 45?
15
What is the greatest common factor of 6 and 8?
2
What is the highest common divisor of 47 and 329?
47
What is the highest common factor of 1 and 2042?
1
What is the greatest common divisor of 196 and 112?
28
What is the highest common divisor of 9204 and 312?
156
What is the greatest common factor of 336 and 462?
42
What is the greatest common factor of 40 and 110?
10
What is the greatest common divisor of 1281 and 63?
21
Calculate the greatest common factor of 96 and 2064.
48
What is the highest common factor of 85 and 595?
85
Calculate the highest common divisor of 655 and 262.
131
What is the greatest common factor of 6171 and 34?
17
What is the greatest common factor of 73 and 2263?
73
What is the highest common factor of 8 and 19504?
8
Calculate the greatest common factor of 69 and 1909.
23
Calculate the greatest common divisor of 7 and 37.
1
Calculate the greatest common factor of 42 and 448.
14
What is the greatest common divisor of 29 and 7888?
29
What is the greatest common factor of 9 and 432?
9
Calculate the highest common divisor of 5 and 320.
5
What is the greatest common divisor of 1444 and 76?
76
What is the greatest common divisor of 810 and 450?
90
What is the highest common divisor of 33640 and 464?
232
Calculate the greatest common divisor of 5 and 4.
1
Calculate the greatest common factor of 11 and 8954.
11
What is the greatest common factor of 8993 and 34?
17
What is the highest common factor of 1282 and 2?
2
What is the highest common factor of 7 and 889?
7
What is the greatest common factor of 1040 and 715?
65
What is the highest common factor of 26 and 754?
26
What is the greatest common divisor of 429 and 264?
33
Calculate the highest common divisor of 6 and 1236.
6
What is the highest common factor of 7 and 13951?
7
Calculate the greatest common factor of 165 and 33.
33
Calculate the highest common factor of 8530 and 20.
10
What is the highest common divisor of 550 and 1045?
55
Calculate the highest common factor of 66 and 444.
6
Calculate the greatest common divisor of 3478 and 222.
74
What is the greatest common divisor of 21 and 1078?
7
What is the greatest common divisor of 22 and 1036?
2
Calculate the highest common factor of 165 and 4565.
55
Calculate the highest common factor of 255 and 102.
51
What is the greatest common factor of 54 and 150?
6
Calculate the greatest common factor of 330 and 12.
6
Calculate the greatest common factor of 48 and 58.
2
What is the greatest common factor of 2950 and 100?
50
Calculate the greatest common divisor of 18 and 2142.
18
What is the highest common divisor of 200 and 4120?
40
What is the highest common factor of 8 and 1048?
8
Calculate the greatest common divisor of 760 and 570.
190
What is the greatest common factor of 1197 and 63?
63
Calculate the greatest common divisor of 495 and 45.
45
What is the highest common factor of 300 and 144?
12
Calculate the highest common factor of 3201 and 4947.
291
What is the greatest common divisor of 250 and 90?
10
Calculate the highest common factor of 16 and 472.
8
Calculate the highest common divisor of 837 and 54.
27
What is the greatest common factor of 13 and 3653?
13
Calculate the highest common divisor of 248 and 56.
8
What is the highest common divisor of 874 and 57?
19
Calculate the greatest common factor of 19 and 133.
19
What is the highest common factor of 4475 and 716?
179
What is the highest common factor of 650 and 100?
50
What is the greatest common divisor of 238 and 3451?
119
Calculate the highest common factor of 18 and 618.
6
What is the highest common factor of 2034 and 18?
18
What is the highest common factor of 41 and 697?
41
What is the greatest common factor of 257 and 514?
257
Calculate the highest common divisor of 30 and 1830.
30
Calculate the highest common divisor of 3 and 48.
3
Calculate the highest common divisor of 558 and 5952.
186
What is the greatest common factor of 456 and 48?
24
What is the highest common factor of 35 and 35?
35
Calculate the greatest common divisor of 17 and 391.
17
Calculate the highest common factor of 69 and 368.
23
Calculate the highest common factor of 208 and 13988.
52
Calculate the highest common factor of 84 and 71988.
84
Calculate the greatest common factor of 56 and 126.
14
What is the highest common factor of 6549 and 118?
59
Calculate the greatest common factor of 21 and 1491.
21
What is the greatest common divisor of 82 and 103156?
82
Calculate the greatest common factor of 78 and 4.
2
Calculate the greatest common divisor of 286 and 78.
26
Calculate the highest common factor of 125 and 2000.
125
Calculate the highest common divisor of 18 and 2187.
9
What is the highest common factor of 53604 and 36?
36
Calculate the greatest common factor of 9 and 45.
9
Calculate the greatest common divisor of 30 and 810.
30
What is the highest common divisor of 837 and 189?
27
What is the greatest common factor of 64 and 592?
16
Calculate the highest common factor of 3975 and 225.
75
What is the greatest common divisor of 160 and 200?
40
Calculate the highest common factor of 111 and 592.
37
What is the greatest common factor of 6 and 3?
3
What is the greatest common divisor of 105 and 1869?
21
What is the greatest common divisor of 669 and 72?
3
Calculate the greatest common factor of 207 and 46.
23
What is the greatest common factor of 179 and 3?
1
Calculate the greatest common factor of 9 and 19287.
9
What is the highest common factor of 1215 and 15?
15
What is the greatest common factor of 64 and 11?
1
Calculate the highest common factor of 1403 and 46.
23
What is the highest common divisor of 840 and 105?
105
What is the greatest common divisor of 100 and 164?
4
What is the highest common divisor of 4770 and 90?
90
Calculate the greatest common factor of 660 and 66.
66
Calculate the highest common divisor of 18 and 226.
2
What is the greatest common divisor of 32 and 1104?
16
What is the greatest common factor of 1775 and 71?
71
What is the greatest common divisor of 695 and 139?
139
Calculate the highest common factor of 108 and 1836.
108
What is the highest common factor of 20 and 90?
10
Calculate the greatest common divisor of 3002 and 316.
158
What is the highest common divisor of 21 and 56?
7
What is the greatest common divisor of 3744 and 13?
13
Calculate the greatest common factor of 42 and 322.
14
What is the highest common factor of 858 and 726?
66
What is the highest common divisor of 728 and 448?
56
What is the highest common factor of 352 and 11?
11
Calculate the greatest common factor of 2 and 7.
1
Calculate the highest common factor of 924 and 1980.
132
What is the highest common factor of 230 and 118450?
230
What is the highest common factor of 885 and 75?
15
What is the highest common divisor of 4 and 13?
1
Calculate the highest common factor of 252 and 28.
28
What is the highest common divisor of 54 and 24?
6
What is the highest common factor of 539 and 143?
11
Calculate the highest common factor of 206 and 2.
2
Calculate the highest common factor of 34506 and 284.
142
Calculate the highest common factor of 1660 and 1079.
83
What is the greates